 7
Let a(x) = x**3 + 9*x**2 + 8*x + 3. Let q be a(-8). Suppose 20 = t - q*j, t + 0 = -4*j - 15. Suppose -t*p + 44 = -3*p. List the prime factors of p.
2, 11
Let n be ((-8)/(-10))/(((-40)/(-3475))/4). Let x = n + -148. List the prime factors of x.
2, 5, 13
Suppose o + 0*o - 208 = 0. Let k = -144 + o. List the prime factors of k.
2
Suppose 69*j + 57260 = 89*j. List the prime factors of j.
7, 409
Let w be (-12)/15*15/(-6). Let h be (w/(-4))/((-5)/(-430)). Let b = h - -79. List the prime factors of b.
2, 3
Suppose 2*s = 3*q + 880, 1760 = 4*s + 5*q - 10*q. List the prime factors of s.
2, 5, 11
Suppose 2*a = -69 - 115. Let k be 2/(-7) - a/28. What are the prime factors of -33*6/(-27)*k?
2, 11
Suppose -703 = -10*c + 377. What are the prime factors of c?
2, 3
Let j be (-3)/(-1) - 2/(-7)*-7. Let q = 5 - j. What are the prime factors of q?
2
Let j = -63 + 68. Suppose 46 = -k - f + 251, 2*f = -j*k + 1028. What are the prime factors of k?
2, 103
Suppose 770 = 4*l + 234. Suppose -4*f - 2 = -4*d + 266, 4*f = -2*d + l. What are the prime factors of d?
67
What are the prime factors of 10/(2 + (-105)/110 + -1)?
2, 5, 11
Suppose -30 = -5*c - 5*c. Suppose v = h + 86 + 77, -v + 143 = c*h. List the prime factors of v.
2, 79
Let w = 911 + 566. What are the prime factors of w?
7, 211
Let c(q) = 3*q**2 + 10*q. Let b be c(-5). Let k = 79 + -43. Let z = k - b. What are the prime factors of z?
11
Let y = 1332 - 874. What are the prime factors of y?
2, 229
Let o = -21 + 12. Let r = -6 - o. Suppose 4*x - 36 = -k, 6*x = r*x + 12. What are the prime factors of k?
2, 5
Let v = -3297 - -4757. What are the prime factors of v?
2, 5, 73
Suppose 4*w - 164*m - 9408 = -168*m, -m + 11768 = 5*w. What are the prime factors of w?
2, 11, 107
Let u be (-10)/50 + (-159)/5. Let x = 32 + u. Suppose w - 103 = -2*m - 0*w, 5*m + 2*w - 259 = x. List the prime factors of m.
53
Let r = 11 + -2. Suppose 0 = 13*x - r*x - 820. What are the prime factors of x?
5, 41
Let u = -1545 + 2894. What are the prime factors of u?
19, 71
What are the prime factors of 2/(-15) - ((-43453118)/345)/23?
2, 37
Let k be (-9 + 16)/(1/(-1)). Let n(m) = -m**2 - 8*m. What are the prime factors of n(k)?
7
Let c(h) = -980*h - 197. List the prime factors of c(-2).
41, 43
Let r = 1090 + 395. What are the prime factors of r?
3, 5, 11
Let c be (1 + -2)*(-144)/(-2). What are the prime factors of ((-344)/c - 5) + 616/18?
2, 17
Let p(u) = u**2 - 2*u - 5. Let d be p(4). Let a(g) = -16*g - 2. Let w be a(d). Let z = -26 - w. List the prime factors of z.
2, 3
Let v(s) = s**3 + 6*s**2 + 4*s. Suppose 5*i - 34 = -9, 3*p = -2*i - 5. Let y be v(p). What are the prime factors of (-2)/y + 388/20?
19
Suppose 2*h + 6 = 12. Suppose -h*n - 5*s = -4*n - 751, 4*n + 2960 = -2*s. List the prime factors of 2/(-12) - n/18.
41
Suppose 8*a - 10*a - 158 = 0. Let o = a + 119. List the prime factors of o.
2, 5
Let b = 798 - 481. List the prime factors of b.
317
Let m be (-3 + 0 + 3)/2. List the prime factors of 112 + (0 + 0 - m).
2, 7
Let l(k) be the third derivative of -2*k**2 - 5/8*k**4 - 1/60*k**5 + 0*k + 0 - 17/6*k**3. List the prime factors of l(-12).
19
Suppose 0 = -76*y + 62*y + 21952. What are the prime factors of y?
2, 7
Let c = -213 - -480. What are the prime factors of c?
3, 89
Suppose -c - 5 = 4*c, -3*t + 2*c - 10 = 0. Let w = t + 22. List the prime factors of w.
2, 3
Suppose h + 2*h + 21 = 0. Let r(a) = -a - 9. Let x be r(h). What are the prime factors of (6 + -4)/(x/(-35))?
5, 7
Suppose -b - 3*x + 50 = x, -3*b = x - 117. Let m be b/8 - 4/(-16). Suppose -2*f = -m*f + 27. What are the prime factors of f?
3
Let u = -25 - -25. Suppose u = 5*y - 2*y + 135. List the prime factors of (1 - -24)*(-36)/y.
2, 5
Suppose 6*b + u - 2356 = 2*b, 5*b - 2*u - 2945 = 0. List the prime factors of b.
19, 31
Suppose 51*z - 40*z - 17963 = 0. List the prime factors of z.
23, 71
Let n(l) = -l + 6. Let f be n(4). Suppose 3*g = -5*p + 3, g + g - f = -4*p. Suppose 57 = o - p*o + 4*u, 5*u = 4*o - 207. List the prime factors of o.
53
Suppose l - 7 - 38 = 0. Let z(n) = 4*n + 99. Let o be z(-24). Suppose 0 = o*t + 3*g + g - 156, l = t - g. What are the prime factors of t?
2, 3
Let m(k) = 2*k**2 - 2*k - 2. Let n be m(-1). Suppose -5*i - 10 = -2*a + 19, 0 = n*a + 2*i + 6. Suppose 0 = -a*z + 5*z - 96. What are the prime factors of z?
2
Let y = -1093 - -3331. What are the prime factors of y?
2, 3, 373
Let b(i) = -i**2 - 18*i - 3. Suppose -2 + 28 = -2*n. List the prime factors of b(n).
2, 31
What are the prime factors of (5472/(-80))/((21/20)/(-7))?
2, 3, 19
Let r be ((-6)/5)/((-4)/10). Suppose 0 = -0*y - 4*y, r*y = -4*x + 284. List the prime factors of x.
71
Let k(o) = 19*o**2 - 12*o + 4. Let x be k(8). Suppose 4*i = -4*f + x, -3*f - 625 - 764 = -5*i. List the prime factors of i.
3, 31
Let y be ((-3)/(-2))/(9/492). Suppose -s = -66 - 52. Let a = s - y. List the prime factors of a.
2, 3
List the prime factors of (-54)/189 + 3/((-21)/(-5203)).
743
What are the prime factors of 4/(-24)*2936*3/(-2)?
2, 367
Suppose 0 = -5*s - 5*z + 6 + 4, -3*s = -5*z - 6. Suppose 0 = b - s*b. Suppose -q - 4*q + 4*n + 14 = b, 3*n = 3*q - 9. What are the prime factors of q?
2
Let k(p) = -2*p - 3. Let g be k(-4). Suppose -138 = -g*f + 207. Suppose -3*a = -4*a + f. List the prime factors of a.
3, 23
Let t be 68/5 - (-4)/10. Let c(l) = -7 + 3 + 3*l - 14 - l. What are the prime factors of c(t)?
2, 5
Let i(j) = 21*j**2 - 15*j - 34. List the prime factors of i(-12).
2, 5, 317
Let l(w) = 12*w**2 - 30*w - 217. What are the prime factors of l(-13)?
31, 71
Let m(d) be the second derivative of -5*d**4/12 + d**3/3 - d**2/2 + 3*d. Let q be m(1). List the prime factors of 3 + (-3 - q - -8).
2, 3
Suppose k = -5*r + 45, 3*r + 0*r = 5*k - 1. Suppose -3 = 7*t - r*t. List the prime factors of t.
3
Let u(m) = -63*m + 24. Let q be u(-11). Let k = q + -483. List the prime factors of k.
2, 3, 13
Suppose -5*p + 33 = x, -3*x + 7 = -2. Let o = p + 0. What are the prime factors of (0 - -19) + o + -6?
19
Let v be (-4 - 9/(-3))*0. Suppose v = 2*p - 21 - 11. What are the prime factors of p?
2
Let k = -1 + 2. Let b be (1 + 187)/(k/(-2)). List the prime factors of (-4)/1 - b/8.
43
Let m = -97 + 58. Let x(v) = -v**3 + 6*v**2 + 4*v - 4. Let w be x(5). Let p = w + m. List the prime factors of p.
2
Suppose 0 = 2*y - y + 7. Let d = y - -68. List the prime factors of d.
61
Suppose -4*r = -0*r. Suppose r = -s - s + 62. List the prime factors of s.
31
Suppose -2*w - 20 = -3*k, -w - 3*w - 5*k + 4 = 0. What are the prime factors of 67 + -9 - w*1?
2, 31
Let f(b) = 452*b**3 + 3*b**2 - b - 2. List the prime factors of f(1).
2, 113
Let u be (-24)/(-28)*(-49)/(-14). Suppose u = 11*q - 1240. List the prime factors of q.
113
Let f(d) = 3*d + 6. Let v be f(-4). List the prime factors of (1/(-2))/(v/180).
3, 5
Let f = 28 + -21. Let s(t) = -2. Let a(c) = -c. Let r(m) = -2*a(m) + s(m). What are the prime factors of r(f)?
2, 3
Let m(w) = -w**2 - 16*w + 18. Let h be m(-17). Let i(g) = g**3 + 7*g**2 + 2*g + 9. Let j be i(-6). List the prime factors of j + (h - 3 - 0).
31
Let p(h) = 5*h**2 - 4*h + 21. What are the prime factors of p(17)?
2, 3, 233
Let g(l) = -2*l - 19 + l**3 - l**2 + 9 - 2*l**2 + l. List the prime factors of g(6).
2, 23
Let x(q) = 2251*q**2 + 20*q + 10. List the prime factors of x(-1).
3, 83
Let h be 0 + -12 + 42/21. Let v be (-6)/(h/(-5))*33. Let q = v + 163. List the prime factors of q.
2
What are the prime factors of ((-13704)/(-21))/(2/7)?
2, 571
List the prime factors of (-937 - 1)*4/(-8).
7, 67
Let d = -8 - -7. Let b be 93/6*(-2)/d. Suppose 0 = 2*c - 9 - b. What are the prime factors of c?
2, 5
Let x = 2538 - 1402. List the prime factors of x.
2, 71
Let k(u) = u**2 + 9*u - 3. Let j be k(-10). Suppose 0 = v - j*v + 120. List the prime factors of v.
2, 5
Suppose 2 = -4*c + 14. Suppose -u + 2*k + 1 = -5, 0 = -4*u + c*k + 19. Let s = 38 + u. What are the prime factors of s?
2, 3, 7
Let d(t) be the first derivative of 4*t**2 - 6*t + 7. Suppose 2*z - 5*u = 22, 7*u + 6 = 4*u. List the prime factors of d(z).
2, 3, 7
Suppose 0 = -6*h + 69 + 93. What are the prime factors of h?
3
Suppose k = -2*k + 5*x + 7954, -5*x + 10582 = 4*k. What are the prime factors of k?
2, 331
Let c(g) = -g**2 - 10*g + 8. Let t be c(-17). Let q = t + 307. What are